e the prime factors of 34999?
31, 1129
List the prime factors of 1671.
3, 557
What are the prime factors of 459?
3, 17
What are the prime factors of 12026?
2, 7, 859
What are the prime factors of 9723?
3, 7, 463
What are the prime factors of 32086?
2, 61, 263
What are the prime factors of 54645?
3, 5, 3643
What are the prime factors of 2866?
2, 1433
What are the prime factors of 430?
2, 5, 43
What are the prime factors of 3636?
2, 3, 101
List the prime factors of 7036.
2, 1759
What are the prime factors of 123035?
5, 11, 2237
What are the prime factors of 10532?
2, 2633
What are the prime factors of 228?
2, 3, 19
What are the prime factors of 12611?
12611
What are the prime factors of 17785?
5, 3557
List the prime factors of 95268.
2, 3, 17, 467
What are the prime factors of 3059?
7, 19, 23
List the prime factors of 16818.
2, 3, 2803
What are the prime factors of 152304?
2, 3, 19, 167
What are the prime factors of 710?
2, 5, 71
What are the prime factors of 874?
2, 19, 23
What are the prime factors of 100?
2, 5
What are the prime factors of 2987?
29, 103
List the prime factors of 170372.
2, 191, 223
What are the prime factors of 1469?
13, 113
List the prime factors of 58209.
3, 19403
What are the prime factors of 20292?
2, 3, 19, 89
List the prime factors of 1543.
1543
What are the prime factors of 25099?
19, 1321
List the prime factors of 1415.
5, 283
What are the prime factors of 133833?
3, 7, 6373
What are the prime factors of 9083?
31, 293
List the prime factors of 13175.
5, 17, 31
List the prime factors of 3084.
2, 3, 257
What are the prime factors of 3322?
2, 11, 151
List the prime factors of 591.
3, 197
List the prime factors of 9726.
2, 3, 1621
List the prime factors of 78711.
3, 26237
List the prime factors of 25499.
43, 593
List the prime factors of 81592.
2, 7, 31, 47
List the prime factors of 9177.
3, 7, 19, 23
What are the prime factors of 399?
3, 7, 19
List the prime factors of 22763.
13, 17, 103
What are the prime factors of 5800?
2, 5, 29
What are the prime factors of 6822?
2, 3, 379
What are the prime factors of 754?
2, 13, 29
What are the prime factors of 2637?
3, 293
What are the prime factors of 21574?
2, 7, 23, 67
What are the prime factors of 1498?
2, 7, 107
What are the prime factors of 19998?
2, 3, 11, 101
List the prime factors of 8867.
8867
What are the prime factors of 86668?
2, 47, 461
List the prime factors of 1636.
2, 409
What are the prime factors of 24133?
24133
List the prime factors of 6202.
2, 7, 443
List the prime factors of 62520.
2, 3, 5, 521
What are the prime factors of 6091?
6091
What are the prime factors of 1398?
2, 3, 233
What are the prime factors of 824?
2, 103
List the prime factors of 7512.
2, 3, 313
List the prime factors of 3745.
5, 7, 107
What are the prime factors of 4047?
3, 19, 71
List the prime factors of 15209.
67, 227
What are the prime factors of 626?
2, 313
What are the prime factors of 42925?
5, 17, 101
List the prime factors of 139991.
139991
What are the prime factors of 467?
467
What are the prime factors of 32940?
2, 3, 5, 61
What are the prime factors of 8565?
3, 5, 571
What are the prime factors of 11171?
11171
List the prime factors of 204.
2, 3, 17
List the prime factors of 43242.
2, 3, 7207
What are the prime factors of 5797?
11, 17, 31
What are the prime factors of 21778?
2, 10889
What are the prime factors of 802?
2, 401
List the prime factors of 32485.
5, 73, 89
List the prime factors of 3503.
31, 113
List the prime factors of 27872.
2, 13, 67
List the prime factors of 79164.
2, 3, 733
What are the prime factors of 18929?
23, 823
What are the prime factors of 2891?
7, 59
List the prime factors of 8953.
7, 1279
List the prime factors of 30430.
2, 5, 17, 179
List the prime factors of 14049.
3, 7, 223
List the prime factors of 158.
2, 79
What are the prime factors of 17350?
2, 5, 347
What are the prime factors of 14046?
2, 3, 2341
List the prime factors of 200.
2, 5
List the prime factors of 368.
2, 23
List the prime factors of 1909.
23, 83
List the prime factors of 38689.
7, 5527
List the prime factors of 124215.
3, 5, 7, 13
List the prime factors of 51346.
2, 25673
What are the prime factors of 14229?
3, 17, 31
What are the prime factors of 51361?
51361
What are the prime factors of 28034?
2, 107, 131
What are the prime factors of 95?
5, 19
List the prime factors of 32104.
2, 4013
What are the prime factors of 19275?
3, 5, 257
What are the prime factors of 1825?
5, 73
List the prime factors of 1203.
3, 401
List the prime factors of 3628.
2, 907
What are the prime factors of 4644?
2, 3, 43
List the prime factors of 2137.
2137
List the prime factors of 61950.
2, 3, 5, 7, 59
List the prime factors of 7261.
53, 137
What are the prime factors of 1100?
2, 5, 11
What are the prime factors of 96781?
17, 5693
List the prime factors of 17154.
2, 3, 953
List the prime factors of 4116.
2, 3, 7
What are the prime factors of 11799?
3, 19, 23
List the prime factors of 20720.
2, 5, 7, 37
What are the prime factors of 26400?
2, 3, 5, 11
List the prime factors of 55960.
2, 5, 1399
List the prime factors of 4364.
2, 1091
What are the prime factors of 24693?
3, 8231
List the prime factors of 10032.
2, 3, 11, 19
What are the prime factors of 1399?
1399
What are the prime factors of 9155?
5, 1831
List the prime factors of 7016.
2, 877
What are the prime factors of 50568?
2, 3, 7, 43
List the prime factors of 236.
2, 59
List the prime factors of 1404.
2, 3, 13
What are the prime factors of 3112?
2, 389
List the prime factors of 2092.
2, 523
What are the prime factors of 9517?
31, 307
List the prime factors of 58656.
2, 3, 13, 47
List the prime factors of 12111.
3, 11, 367
What are the prime factors of 1077?
3, 359
List the prime factors of 1882.
2, 941
List the prime factors of 25683.
3, 7, 1223
List the prime factors of 58596.
2, 3, 19, 257
List the prime factors of 767.
13, 59
List the prime factors of 1448.
2, 181
List the prime factors of 15043.
7, 307
What are the prime factors of 96952?
2, 12119
List the prime factors of 4825.
5, 193
What are the prime factors of 957?
3, 11, 29
List the prime factors of 840.
2, 3, 5, 7
What are the prime factors of 1986?
2, 3, 331
List the prime factors of 930.
2, 3, 5, 31
List the prime factors of 4324.
2, 23, 47
List the prime factors of 24531.
3, 13, 17, 37
List the prime factors of 3199.
7, 457
What are the prime factors of 6714?
2, 3, 373
What are the prime factors of 809?
809
List the prime factors of 19432.
2, 7, 347
What are the prime factors of 352?
2, 11
List the prime factors of 107323.
107323
What are the prime factors of 37787?
29, 1303
What are the prime factors of 2592?
2, 3
List the prime factors of 101101.
7, 11, 13, 101
List the prime factors of 673.
673
List the prime factors of 75263.
73, 1031
List the prime factors of 1662.
2, 3, 277
List the prime factors of 5501.
5501
What are the prime factors of 4636?
2, 19, 61
What are the prime factors of 151?
151
What are the prime factors of 271?
271
What are the prime factors of 53016?
2, 3, 47
List the prime factors of 43837.
59, 743
What are the prime factors of 8836?
2, 47
What are the prime factors of 1115?
5, 223
List the prime factors of 1234.
2, 617
List the prime factors of 920.
2, 5, 23
What are the prime factors of 1076?
2, 269
List the prime factors of 9040.
2, 5, 113
List the prime factors of 3618.
2, 3, 67
List the prime factors of 93771.
3, 23, 151
List the prime factors of 3618.
2, 3, 67
What are the prime factors of 58718?
2, 11, 17, 157
What are the prime factors of 428?
2, 107
List the prime factors of 13792.
2, 431
List the prime factors of 1213.
1213
List the prime factors of 1065.
3, 5, 71
List the prime factors of 120870.
2, 3, 5, 17, 79
List the prime factors of 11004.
2, 3, 7, 131
List the prime factors of 3828.
2, 3, 11, 29
What are the prime factors of 841?
29
List the prime factors of 26386.
2, 79, 167
What are the prime factors of 17586?
2, 3, 977
List the prime factors of 54935.
5, 10987
List the prime factors of 7382.
2, 3691
What are the prime factors of 630?
2, 3, 5, 7
List the prime factors of 574.
2, 7, 41
What are the prime factors of 6880?
2, 5, 43
What are the prime factors of 149001?
3, 49667
List the prime factors of 20194.
2, 23, 439
List the prime f